{"id":45,"date":"2022-07-06T23:41:22","date_gmt":"2022-07-06T23:41:22","guid":{"rendered":"https:\/\/www.oryzativa.com\/?page_id=45"},"modified":"2025-06-15T01:16:00","modified_gmt":"2025-06-15T01:16:00","slug":"blog","status":"publish","type":"page","link":"https:\/\/www.oryzativa.com\/?page_id=45","title":{"rendered":"Blog"},"content":{"rendered":"<style>\/*! elementor - v3.7.0 - 08-08-2022 *\/\n.elementor-heading-title{padding:0;margin:0;line-height:1}.elementor-widget-heading .elementor-heading-title[class*=elementor-size-]>a{color:inherit;font-size:inherit;line-height:inherit}.elementor-widget-heading .elementor-heading-title.elementor-size-small{font-size:15px}.elementor-widget-heading .elementor-heading-title.elementor-size-medium{font-size:19px}.elementor-widget-heading .elementor-heading-title.elementor-size-large{font-size:29px}.elementor-widget-heading .elementor-heading-title.elementor-size-xl{font-size:39px}.elementor-widget-heading .elementor-heading-title.elementor-size-xxl{font-size:59px}<\/style>\n<h2>Blog<\/h2>\n<article data-id=\"652\">\n            <a href=\"https:\/\/www.oryzativa.com\/?p=652\"><\/a><br \/>\n                                <img decoding=\"async\" width=\"600\" height=\"450\" src=\"https:\/\/www.oryzativa.com\/wp-content\/uploads\/2022\/07\/arroz_rice-ensayos-2-600x450.jpg\" alt=\"\" loading=\"lazy\" srcset=\"https:\/\/www.oryzativa.com\/wp-content\/uploads\/2022\/07\/arroz_rice-ensayos-2-600x450.jpg 600w, https:\/\/www.oryzativa.com\/wp-content\/uploads\/2022\/07\/arroz_rice-ensayos-2-1024x768.jpg 1024w, https:\/\/www.oryzativa.com\/wp-content\/uploads\/2022\/07\/arroz_rice-ensayos-2-768x576.jpg 768w, https:\/\/www.oryzativa.com\/wp-content\/uploads\/2022\/07\/arroz_rice-ensayos-2-1536x1152.jpg 1536w, https:\/\/www.oryzativa.com\/wp-content\/uploads\/2022\/07\/arroz_rice-ensayos-2-2048x1536.jpg 2048w\" sizes=\"auto, (max-width: 600px) 100vw, 600px\" \/><\/p>\n<header>\n<h2><a\n                                    href=\"https:\/\/www.oryzativa.com\/?p=652\"\n                                    title=\"XP113\">XP113<\/a><\/h2>\n<\/header>\n<p><a\n                                        href=\"https:\/\/www.oryzativa.com\/?p=652\"\n                                       >Leer m\u00e1s&#8230;<\/a><br \/>\n                                <time datetime=\"agosto 12, 2022\">agosto 12, 2022<\/time><br \/>\n    <\/article>\n<article data-id=\"649\">\n            <a href=\"https:\/\/www.oryzativa.com\/?p=649\"><\/a><br \/>\n                                <img decoding=\"async\" width=\"600\" height=\"400\" src=\"https:\/\/www.oryzativa.com\/wp-content\/uploads\/2022\/07\/arroz_rice-emergencia-1-2-600x400.jpg\" alt=\"\" loading=\"lazy\" srcset=\"https:\/\/www.oryzativa.com\/wp-content\/uploads\/2022\/07\/arroz_rice-emergencia-1-2-600x400.jpg 600w, https:\/\/www.oryzativa.com\/wp-content\/uploads\/2022\/07\/arroz_rice-emergencia-1-2-1024x683.jpg 1024w, https:\/\/www.oryzativa.com\/wp-content\/uploads\/2022\/07\/arroz_rice-emergencia-1-2-768x512.jpg 768w, https:\/\/www.oryzativa.com\/wp-content\/uploads\/2022\/07\/arroz_rice-emergencia-1-2-1536x1024.jpg 1536w, https:\/\/www.oryzativa.com\/wp-content\/uploads\/2022\/07\/arroz_rice-emergencia-1-2-2048x1366.jpg 2048w\" sizes=\"auto, (max-width: 600px) 100vw, 600px\" \/><\/p>\n<header>\n<h2><a\n                                    href=\"https:\/\/www.oryzativa.com\/?p=649\"\n                                    title=\"INIA TACUAR\u00cd\">INIA TACUAR\u00cd<\/a><\/h2>\n<\/header>\n<p><a\n                                        href=\"https:\/\/www.oryzativa.com\/?p=649\"\n                                       >Leer m\u00e1s&#8230;<\/a><br \/>\n                                <time datetime=\"agosto 12, 2022\">agosto 12, 2022<\/time><br \/>\n    <\/article>\n<article data-id=\"646\">\n            <a href=\"https:\/\/www.oryzativa.com\/?p=646\"><\/a><br \/>\n                                <img decoding=\"async\" width=\"600\" height=\"400\" src=\"https:\/\/www.oryzativa.com\/wp-content\/uploads\/2022\/07\/arroz_rice-macollaje-2-2-600x400.jpg\" alt=\"\" loading=\"lazy\" srcset=\"https:\/\/www.oryzativa.com\/wp-content\/uploads\/2022\/07\/arroz_rice-macollaje-2-2-600x400.jpg 600w, https:\/\/www.oryzativa.com\/wp-content\/uploads\/2022\/07\/arroz_rice-macollaje-2-2-1024x683.jpg 1024w, https:\/\/www.oryzativa.com\/wp-content\/uploads\/2022\/07\/arroz_rice-macollaje-2-2-768x512.jpg 768w, https:\/\/www.oryzativa.com\/wp-content\/uploads\/2022\/07\/arroz_rice-macollaje-2-2-1536x1024.jpg 1536w, https:\/\/www.oryzativa.com\/wp-content\/uploads\/2022\/07\/arroz_rice-macollaje-2-2-2048x1365.jpg 2048w\" sizes=\"auto, (max-width: 600px) 100vw, 600px\" \/><\/p>\n<header>\n<h2><a\n                                    href=\"https:\/\/www.oryzativa.com\/?p=646\"\n                                    title=\"INIA OLIMAR\">INIA OLIMAR<\/a><\/h2>\n<\/header>\n<p><a\n                                        href=\"https:\/\/www.oryzativa.com\/?p=646\"\n                                       >Leer m\u00e1s&#8230;<\/a><br \/>\n                                <time datetime=\"agosto 12, 2022\">agosto 12, 2022<\/time><br \/>\n    <\/article>\n<article data-id=\"643\">\n            <a href=\"https:\/\/www.oryzativa.com\/?p=643\"><\/a><br \/>\n                                <img decoding=\"async\" width=\"600\" height=\"400\" src=\"https:\/\/www.oryzativa.com\/wp-content\/uploads\/2022\/07\/arroz_rice-inicio-macollaje-2-2-600x400.jpg\" alt=\"\" loading=\"lazy\" srcset=\"https:\/\/www.oryzativa.com\/wp-content\/uploads\/2022\/07\/arroz_rice-inicio-macollaje-2-2-600x400.jpg 600w, https:\/\/www.oryzativa.com\/wp-content\/uploads\/2022\/07\/arroz_rice-inicio-macollaje-2-2-1024x683.jpg 1024w, https:\/\/www.oryzativa.com\/wp-content\/uploads\/2022\/07\/arroz_rice-inicio-macollaje-2-2-768x512.jpg 768w, https:\/\/www.oryzativa.com\/wp-content\/uploads\/2022\/07\/arroz_rice-inicio-macollaje-2-2-1536x1024.jpg 1536w, https:\/\/www.oryzativa.com\/wp-content\/uploads\/2022\/07\/arroz_rice-inicio-macollaje-2-2-2048x1365.jpg 2048w\" sizes=\"auto, (max-width: 600px) 100vw, 600px\" \/><\/p>\n<header>\n<h2><a\n                                    href=\"https:\/\/www.oryzativa.com\/?p=643\"\n                                    title=\"INIA MER\u00cdN\">INIA MER\u00cdN<\/a><\/h2>\n<\/header>\n<p><a\n                                        href=\"https:\/\/www.oryzativa.com\/?p=643\"\n                                       >Leer m\u00e1s&#8230;<\/a><br \/>\n                                <time datetime=\"agosto 12, 2022\">agosto 12, 2022<\/time><br \/>\n    <\/article>\n<article data-id=\"637\">\n            <a href=\"https:\/\/www.oryzativa.com\/?p=637\"><\/a><br \/>\n                                <img decoding=\"async\" width=\"600\" height=\"450\" src=\"https:\/\/www.oryzativa.com\/wp-content\/uploads\/2022\/07\/arroz_rice-llenado-de-granos-2-2-600x450.jpg\" alt=\"\" loading=\"lazy\" srcset=\"https:\/\/www.oryzativa.com\/wp-content\/uploads\/2022\/07\/arroz_rice-llenado-de-granos-2-2-600x450.jpg 600w, https:\/\/www.oryzativa.com\/wp-content\/uploads\/2022\/07\/arroz_rice-llenado-de-granos-2-2-1024x768.jpg 1024w, https:\/\/www.oryzativa.com\/wp-content\/uploads\/2022\/07\/arroz_rice-llenado-de-granos-2-2-768x576.jpg 768w, https:\/\/www.oryzativa.com\/wp-content\/uploads\/2022\/07\/arroz_rice-llenado-de-granos-2-2-1536x1152.jpg 1536w, https:\/\/www.oryzativa.com\/wp-content\/uploads\/2022\/07\/arroz_rice-llenado-de-granos-2-2-2048x1536.jpg 2048w\" sizes=\"auto, (max-width: 600px) 100vw, 600px\" \/><\/p>\n<header>\n<h2><a\n                                    href=\"https:\/\/www.oryzativa.com\/?p=637\"\n                                    title=\"INIA GUR\u00cd INTA\">INIA GUR\u00cd INTA<\/a><\/h2>\n<\/header>\n<p><a\n                                        href=\"https:\/\/www.oryzativa.com\/?p=637\"\n                                       >Leer m\u00e1s&#8230;<\/a><br \/>\n                                <time datetime=\"agosto 12, 2022\">agosto 12, 2022<\/time><br \/>\n    <\/article>\n<p>                <button id=\"eael-load-more-btn-f8db977\" data-widget-id=\"f8db977\" data-widget=\"f8db977\" data-page-id=\"45\" data-nonce=\"c832af71cb\" data-template=\"{&quot;dir&quot;:&quot;lite&quot;,&quot;file_name&quot;:&quot;default.php&quot;,&quot;name&quot;:&quot;Post-Grid&quot;}\" data-class=\"Essential_Addons_ElementorElementsPost_Grid\" data-layout=\"grid\" data-page=\"1\" data-args=\"orderby=date&amp;order=desc&amp;ignore_sticky_posts=1&amp;post_status=publish&amp;posts_per_page=5&amp;offset=0&amp;post_type=post\" data-max-page=\"2\"><br \/>\n                    Load More<br \/>\n                <\/button>\n\t\t\t<link rel=\"stylesheet\" href=\"https:\/\/www.oryzativa.com\/wp-content\/plugins\/elementor\/assets\/css\/widget-icon-list.min.css\">\n<ul>\n<li>\n\t\t\t\t\t\t\t\t\t\t\t<a href=\"https:\/\/www.oryzativa.com\/?cat=17\"><br \/>\n\t\t\t\t\t\t\t\t\t\tNovedades<br \/>\n\t\t\t\t\t\t\t\t\t\t\t<\/a>\n\t\t\t\t\t\t\t\t\t<\/li>\n<li>\n\t\t\t\t\t\t\t\t\t\t\t<a href=\"https:\/\/www.oryzativa.com\/?cat=19\"><br \/>\n\t\t\t\t\t\t\t\t\t\tCultivares de grano largo<br \/>\n\t\t\t\t\t\t\t\t\t\t\t<\/a>\n\t\t\t\t\t\t\t\t\t<\/li>\n<li>\n\t\t\t\t\t\t\t\t\t\t\t<a href=\"https:\/\/www.oryzativa.com\/?cat=18\"><br \/>\n\t\t\t\t\t\t\t\t\t\tH\u00edbridos<br \/>\n\t\t\t\t\t\t\t\t\t\t\t<\/a>\n\t\t\t\t\t\t\t\t\t<\/li>\n<\/ul>\n","protected":false},"excerpt":{"rendered":"<p>Blog XP113 Leer m\u00e1s&#8230; agosto 12, 2022 INIA TACUAR\u00cd Leer m\u00e1s&#8230; agosto 12, 2022 INIA OLIMAR Leer m\u00e1s&#8230; agosto 12, 2022 INIA MER\u00cdN Leer m\u00e1s&#8230; agosto 12, 2022 INIA GUR\u00cd INTA Leer m\u00e1s&#8230; agosto 12, 2022 Load More Novedades Cultivares de grano largo H\u00edbridos<\/p>\n","protected":false},"author":1,"featured_media":0,"parent":35,"menu_order":0,"comment_status":"closed","ping_status":"closed","template":"elementor_header_footer","meta":{"footnotes":""},"class_list":["post-45","page","type-page","status-publish","hentry"],"_links":{"self":[{"href":"https:\/\/www.oryzativa.com\/index.php?rest_route=\/wp\/v2\/pages\/45","targetHints":{"allow":["GET"]}}],"collection":[{"href":"https:\/\/www.oryzativa.com\/index.php?rest_route=\/wp\/v2\/pages"}],"about":[{"href":"https:\/\/www.oryzativa.com\/index.php?rest_route=\/wp\/v2\/types\/page"}],"author":[{"embeddable":true,"href":"https:\/\/www.oryzativa.com\/index.php?rest_route=\/wp\/v2\/users\/1"}],"replies":[{"embeddable":true,"href":"https:\/\/www.oryzativa.com\/index.php?rest_route=%2Fwp%2Fv2%2Fcomments&post=45"}],"version-history":[{"count":40,"href":"https:\/\/www.oryzativa.com\/index.php?rest_route=\/wp\/v2\/pages\/45\/revisions"}],"predecessor-version":[{"id":680,"href":"https:\/\/www.oryzativa.com\/index.php?rest_route=\/wp\/v2\/pages\/45\/revisions\/680"}],"up":[{"embeddable":true,"href":"https:\/\/www.oryzativa.com\/index.php?rest_route=\/wp\/v2\/pages\/35"}],"wp:attachment":[{"href":"https:\/\/www.oryzativa.com\/index.php?rest_route=%2Fwp%2Fv2%2Fmedia&parent=45"}],"curies":[{"name":"wp","href":"https:\/\/api.w.org\/{rel}","templated":true}]}}